 is divided by 2332?
105
What is the remainder when 6537 is divided by 436?
433
Calculate the remainder when 7292 is divided by 168.
68
Calculate the remainder when 298448 is divided by 57.
53
Calculate the remainder when 10879 is divided by 16.
15
What is the remainder when 95556 is divided by 177?
153
What is the remainder when 426602 is divided by 142200?
2
Calculate the remainder when 88577 is divided by 88548.
29
What is the remainder when 34178 is divided by 3795?
23
What is the remainder when 2785 is divided by 1020?
745
Calculate the remainder when 6310 is divided by 3151.
8
Calculate the remainder when 56661 is divided by 5.
1
What is the remainder when 5660 is divided by 113?
10
Calculate the remainder when 11910 is divided by 383.
37
What is the remainder when 8263 is divided by 689?
684
What is the remainder when 5089 is divided by 91?
84
Calculate the remainder when 41600 is divided by 212.
48
What is the remainder when 83837 is divided by 599?
576
What is the remainder when 247046 is divided by 203?
198
What is the remainder when 89444 is divided by 23?
20
What is the remainder when 9555699 is divided by 935?
934
What is the remainder when 4006 is divided by 512?
422
What is the remainder when 15243 is divided by 45?
33
What is the remainder when 1554 is divided by 405?
339
What is the remainder when 110511 is divided by 155?
151
What is the remainder when 103561 is divided by 103542?
19
What is the remainder when 1546 is divided by 147?
76
Calculate the remainder when 126338 is divided by 972.
950
What is the remainder when 156920 is divided by 78452?
16
Calculate the remainder when 3438 is divided by 3396.
42
What is the remainder when 52268 is divided by 12?
8
Calculate the remainder when 2517 is divided by 2091.
426
What is the remainder when 7790 is divided by 437?
361
Calculate the remainder when 33119 is divided by 324.
71
What is the remainder when 13532 is divided by 100?
32
What is the remainder when 138291 is divided by 118?
113
What is the remainder when 66754 is divided by 889?
79
What is the remainder when 34950 is divided by 22?
14
Calculate the remainder when 3106 is divided by 128.
34
Calculate the remainder when 3113 is divided by 390.
383
What is the remainder when 7641 is divided by 7637?
4
What is the remainder when 84103 is divided by 10463?
399
Calculate the remainder when 10328 is divided by 28.
24
What is the remainder when 169064 is divided by 319?
313
What is the remainder when 59756 is divided by 19882?
110
What is the remainder when 186547 is divided by 31091?
1
What is the remainder when 5914 is divided by 1202?
1106
What is the remainder when 1207066 is divided by 732?
730
What is the remainder when 99088 is divided by 90?
88
What is the remainder when 15424 is divided by 1555?
1429
Calculate the remainder when 9008 is divided by 91.
90
What is the remainder when 34175 is divided by 4882?
1
What is the remainder when 76777 is divided by 50?
27
Calculate the remainder when 29333 is divided by 14647.
39
Calculate the remainder when 149203 is divided by 215.
208
Calculate the remainder when 44739 is divided by 364.
331
What is the remainder when 95528 is divided by 38?
34
What is the remainder when 254791 is divided by 822?
793
What is the remainder when 14866 is divided by 7380?
106
What is the remainder when 678718 is divided by 226235?
13
Calculate the remainder when 444824 is divided by 72.
8
Calculate the remainder when 4125 is divided by 67.
38
Calculate the remainder when 395359 is divided by 81.
79
Calculate the remainder when 58886 is divided by 433.
431
Calculate the remainder when 1147867 is divided by 286963.
15
What is the remainder when 69597 is divided by 58?
55
Calculate the remainder when 22449 is divided by 1020.
9
Calculate the remainder when 2625190 is divided by 737.
733
What is the remainder when 35 is divided by 20?
15
Calculate the remainder when 32971 is divided by 1500.
1471
Calculate the remainder when 101142 is divided by 115.
57
What is the remainder when 757 is divided by 366?
25
Calculate the remainder when 61267 is divided by 26.
11
What is the remainder when 11465 is divided by 2281?
60
Calculate the remainder when 186958 is divided by 282.
274
What is the remainder when 19053 is divided by 6337?
42
What is the remainder when 11706 is divided by 183?
177
What is the remainder when 5029 is divided by 1671?
16
Calculate the remainder when 41641 is divided by 1898.
1783
What is the remainder when 53639 is divided by 53519?
120
What is the remainder when 823 is divided by 108?
67
What is the remainder when 8396 is divided by 497?
444
Calculate the remainder when 39417 is divided by 18.
15
What is the remainder when 1264 is divided by 733?
531
Calculate the remainder when 342415 is divided by 339.
25
What is the remainder when 2511 is divided by 833?
12
Calculate the remainder when 81690 is divided by 27218.
36
Calculate the remainder when 15057 is divided by 47.
17
Calculate the remainder when 872473 is divided by 70.
63
What is the remainder when 2151 is divided by 686?
93
What is the remainder when 22726 is divided by 4534?
56
Calculate the remainder when 146154 is divided by 18269.
2
Calculate the remainder when 22435 is divided by 116.
47
Calculate the remainder when 29227 is divided by 144.
139
Calculate the remainder when 1700 is divided by 47.
8
Calculate the remainder when 699305 is divided by 16650.
5
Calculate the remainder when 13552 is divided by 125.
52
Calculate the remainder when 36868 is divided by 12279.
31
What is the remainder when 18507 is divided by 281?
242
What is the remainder when 10034 is divided by 15?
14
What is the remainder when 328 is divided by 127?
74
What is the remainder when 2380949 is divided by 198?
197
What is the remainder when 4872 is divided by 76?
8
Calculate the remainder when 475237 is divided by 22630.
7
What is the remainder when 6705 is divided by 23?
12
Calculate the remainder when 35737 is divided by 369.
313
Calculate the remainder when 2812 is divided by 1305.
202
Calculate the remainder when 10253 is divided by 344.
277
Calculate the remainder when 26035 is divided by 145.
80
What is the remainder when 40078 is divided by 269?
266
Calculate the remainder when 496946 is divided by 2170.
16
Calculate the remainder when 107780 is divided by 8.
4
Calculate the remainder when 106676 is divided by 70.
66
What is the remainder when 8269 is divided by 382?
247
Calculate the remainder when 64087 is divided by 58.
55
What is the remainder when 3980848 is divided by 878?
874
What is the remainder when 1390807 is divided by 44?
11
Calculate the remainder when 313898 is divided by 26157.
14
Calculate the remainder when 51547 is divided by 5719.
76
What is the remainder when 153272 is divided by 354?
344
Calculate the remainder when 458262 is divided by 133.
77
What is the remainder when 1087 is divided by 8?
7
Calculate the remainder when 665261 is divided by 39.
38
What is the remainder when 58651 is divided by 339?
4
Calculate the remainder when 451778 is divided by 19.
15
What is the remainder when 7245 is divided by 905?
5
What is the remainder when 697 is divided by 65?
47
What is the remainder when 1841 is divided by 553?
182
Calculate the remainder when 12906 is divided by 161.
26
Calculate the remainder when 821 is divided by 133.
23
What is the remainder when 3878 is divided by 297?
17
What is the remainder when 24980 is divided by 24915?
65
Calculate the remainder when 1312 is divided by 400.
112
What is the remainder when 34123 is divided by 217?
54
Calculate the remainder when 748009 is divided by 655.
654
What is the remainder when 41367 is divided by 217?
137
What is the remainder when 18675 is divided by 625?
550
What is the remainder when 2003 is divided by 199?
13
Calculate the remainder when 3833 is divided by 352.
313
What is the remainder when 36688 is divided by 253?
3
Calculate the remainder when 50581 is divided by 674.
31
What is the remainder when 55675 is divided by 153?
136
Calculate the remainder when 1325923 is divided by 23.
19
Calculate the remainder when 403 is divided by 38.
23
What is the remainder when 2260 is divided by 629?
373
What is the remainder when 2994 is divided by 106?
26
Calculate th